 s and 170.
10
Let o be -4 - 94/((-1)/1). Calculate the highest common divisor of o and 10.
10
Suppose -4*o + 24 = m, 4*m + m - 2*o - 32 = 0. Suppose -4*u - m = 5*z + 8, 18 = -2*u - 5*z. Calculate the highest common divisor of u and 4.
1
Let q = -19 + 47. Calculate the greatest common factor of q and 84.
28
Let p be (-2)/4 - 777/(-14). Let s be ((-18)/4)/(1/(-2)). Let h = s - 4. What is the highest common factor of p and h?
5
Suppose -3*l = f - 32, -l - 176 = -4*f + 3*l. Let x be ((-3)/(-3) - 2) + f. Suppose -x = -0*r - r. Calculate the highest common divisor of 16 and r.
8
Let b be -4 + (80 - 4 - 0). What is the greatest common factor of b and 8?
8
Suppose 0 = -2*i + d + 3*d + 76, -2*d = 2. Suppose 0*f - i = -4*f. Let q(u) = 5*u - 14. Let o be q(10). What is the greatest common divisor of f and o?
9
Let c(p) = 5*p - 6. Let s be c(5). What is the highest common divisor of s and 38?
19
Let q = -143 + 255. Calculate the greatest common factor of 14 and q.
14
Suppose 0 = -5*g + g - 4*v + 472, -2*v = 5*g - 596. Let t = -25 + 46. Suppose t = n + 6. What is the greatest common factor of g and n?
15
Let j(n) = n + 12. Let f be j(-4). Let c(z) = 0*z + 5 - 2*z + 7*z. Let w be c(f). Calculate the greatest common factor of 9 and w.
9
Let d(r) = -r. Let f be d(-6). Let k = f - 6. Suppose 0 = -k*z + z - 17. Calculate the greatest common factor of z and 17.
17
Suppose 6*l - 195 = 3*l. Let u = -29 + l. Calculate the highest common divisor of 18 and u.
18
Let b be (1/2)/((-6)/(-972)). Calculate the greatest common factor of b and 9.
9
Suppose 2*f = -3*b + 65, -2*f - b + 20 = -55. What is the highest common divisor of 10 and f?
10
Suppose -3*q + 5*b + 20 = 3*b, 0 = 3*q - 4*b - 16. What is the highest common factor of q and 4?
4
Let c(y) = 6*y**2 - y + 2. Let p be c(-2). What is the greatest common divisor of 4 and p?
4
Let b(t) = t**3 - 11*t**2 + 15*t - 10. Let y be b(10). Let g be (-2)/(-6) - (-94)/6. Calculate the greatest common factor of g and y.
8
Let z(r) = r - 2. Let g be z(6). Suppose 2*d - g = 12. What is the greatest common divisor of d and 8?
8
Let x = -30 + 43. Calculate the highest common factor of 52 and x.
13
Suppose -46 = -2*l + 54. Let v = l + -14. What is the greatest common factor of v and 18?
18
Let h(q) = -q**2 - 4*q. Let a be h(-3). Suppose -v + 17 - a = 0. Let n be (1*(-252)/30)/(6/(-20)). Calculate the highest common factor of n and v.
14
Let m be 3/2*(6 - 12). Let a = 11 + m. Suppose 2*k - 2*r = 20, -k + 3*r + a*r = 2. Calculate the highest common factor of 117 and k.
13
Let g(u) = -3*u - 6. Let c be g(-7). Suppose -z + i = -0 - 4, 2*i = 4*z - 18. Let r = z + 1. What is the greatest common divisor of c and r?
3
Suppose 3*j + 12 = 8*j - 4*k, 2*j + 5*k = 18. Suppose -5*o + 101 = 3*y, -32 = -j*o + 2*o - 4*y. What is the greatest common factor of o and 220?
22
Suppose 3 = q - 8. Let o = q + -7. Calculate the highest common divisor of o and 10.
2
Let k = -318 - -494. Suppose -y - 2*y - 30 = 0. Let b be y + 10 + (-32)/(-2). Calculate the highest common divisor of k and b.
16
Suppose 5*z - 4*j = 0, -z - 2*j + 19 = j. Let v be (-4)/8 - (-158)/z. What is the greatest common factor of 26 and v?
13
Let u(b) = -2*b**2 + 3*b**2 + 0*b + 28 - b. Let x be u(0). Suppose 32 = 4*n - x. Calculate the highest common factor of n and 6.
3
Suppose -3*n + 49 + 194 = 0. Calculate the highest common divisor of 9 and n.
9
Suppose -29 = -2*d + 81. Calculate the highest common divisor of d and 22.
11
Suppose y - 3*k - 48 = 0, -3*y + 63 = -3*k - 69. What is the highest common factor of 28 and y?
14
Suppose -11 - 49 = -2*d. Let u(i) = -i**3 - i**2 + 45. Let q be u(0). Calculate the highest common factor of d and q.
15
Suppose j = -9*j + 160. Calculate the greatest common factor of j and 64.
16
Suppose s - 2*s + 4 = 0. Suppose 3 = -s*v + 43. Let r be 4/(-2)*(-5)/v. What is the greatest common divisor of 1 and r?
1
Suppose -160 = -12*b + 7*b. Calculate the greatest common divisor of b and 48.
16
Let o be 132*-1*(-9)/12. Suppose 3*l = -27 + o. Suppose -5*n + 17 = -13. What is the greatest common factor of l and n?
6
Let g be 430/15 - (-16)/12. Calculate the greatest common divisor of 330 and g.
30
Let i = -27 - -61. Suppose 2*q + i = 124. What is the greatest common factor of q and 15?
15
Suppose -5*r + 2*j = -j - 24, 4*j - 32 = -4*r. Calculate the highest common factor of 9 and r.
3
Let w(a) = a + 5. Let j be w(7). Let v(t) = t**2 + 8*t + 2. Let l be v(-7). Let z = 8 + l. What is the greatest common divisor of j and z?
3
Let d(a) = 3*a - 4. Let s be d(5). Let j(l) = -13*l - 18. Let k be j(-9). Calculate the highest common factor of s and k.
11
Suppose 0*r + 2*r = 8. Calculate the greatest common factor of 4 and r.
4
Let s be 42/(-189) - (-616)/18. What is the highest common divisor of s and 51?
17
Suppose 4*z - 10 + 2 = 0. Let s be 6*1*(1 - z). Let j be ((-27)/(-12))/(s/(-16)). What is the highest common factor of j and 24?
6
Let g(w) = -w**2 - 5*w + 1. Let p be g(-5). Let c be (p - -2)*1/3. Calculate the highest common factor of 1 and c.
1
Suppose 6 = -2*q - 0*q - 4*y, 0 = -4*q - 3*y - 7. Let x = -1 - -4. Let g be ((-1)/x)/(q/12). Calculate the greatest common factor of g and 28.
4
Let s be (-32)/20*-5*(-1)/(-1). What is the highest common factor of s and 32?
8
Let b(p) = -p**2 + 4*p - 4. Let k be b(4). Let m be ((-162)/k)/((-4)/(-8)). Suppose 3*s + 11 = 38. Calculate the highest common divisor of s and m.
9
Suppose -165 - 35 = -5*w. Let q be (w/6)/(1/3). What is the highest common divisor of 180 and q?
20
Let d be 1 + (3 + -6)/(-3). Suppose -87 = 4*a + h + d*h, -h - 93 = 4*a. Let f = a + 58. What is the highest common divisor of 85 and f?
17
Let k be 1/(-2) - 2/(-4). Let d be 44 - k - -1 - 0. Calculate the greatest common factor of 18 and d.
9
Let f be ((-3)/(-2))/(39/2080). Calculate the highest common divisor of 16 and f.
16
Suppose 3*r - r = -2*j + 70, -3*r + 4*j = -112. What is the greatest common factor of r and 27?
9
Let p(v) = 48*v - 5. Let r be p(1). What is the greatest common factor of 172 and r?
43
Suppose -2*r = -3*k + 9, k + k = 2*r + 4. Suppose -z = -5, 2*z - k*z + 17 = -d. Let c be 3*4/d*-3. What is the highest common divisor of 90 and c?
18
Let y = 7 - 7. Let z be (-28)/(-8)*(y + 22). Calculate the greatest common divisor of 11 and z.
11
Suppose 0 = -3*f - g + 46 + 51, -f = -2*g - 37. What is the highest common factor of 22 and f?
11
Let q(w) = w**3 - 19*w**2 - 18*w - 25. Let z be q(20). What is the greatest common factor of 12 and z?
3
Let x(o) = o**2 - 11*o - 1. Let b be x(12). Let s = 210 + -122. What is the highest common factor of s and b?
11
Suppose 0 = p, m + 0*p - 60 = -4*p. Let r = -34 + m. What is the greatest common factor of 65 and r?
13
Let r(h) = -h**3 - 7*h**2 - 7*h + 7. Let l be r(-6). Calculate the highest common factor of 247 and l.
13
Suppose 4*h - 2*h - 276 = -5*y, 2*h = -2*y + 264. Calculate the greatest common divisor of 16 and h.
16
Let m be (1 - (-18)/(-6)) + 6. Suppose 2*w = 2 - 4. Let f be (0/w)/1 - -6. What is the greatest common divisor of m and f?
2
Suppose 0*j = -j + 126. What is the highest common factor of 14 and j?
14
Let g(k) = -k**2 - 4*k. Let v be g(-3). What is the greatest common divisor of 9 and v?
3
Let f(z) = -2*z + 2. Let c = -17 + 12. Let r be f(c). What is the greatest common divisor of r and 24?
12
Let n = 57 + -2. Let i(z) = z**2 - 11*z - 3. Let f be i(8). Let h = f - -38. What is the greatest common factor of h and n?
11
Suppose -4*w + 49 = 13. Let u(i) = -3*i**2 - i - 1. Let c be u(-1). Let h be ((-12)/36)/(1/c). Calculate the highest common factor of h and w.
1
Suppose -6*q + 1056 = -4*q. Calculate the greatest common divisor of 48 and q.
48
Suppose -5*l + 10 = -5*o, 3*o + 2*l - 6 + 2 = 0. Let n be (-72 + o)/((-3)/2). Suppose 36 + 12 = 4*g. Calculate the highest common factor of n and g.
12
Suppose -3*z - 86 = -z. Let s = z - -62. Calculate the highest common divisor of s and 19.
19
Suppose 0 = -2*l - 2*l + 68. Suppose 4*x + 0*x + 396 = 0. Let y be (-2)/3*x - -2. What is the greatest common factor of l and y?
17
Suppose 0 = -3*p + 3*j + 135, -4*j + 86 = 2*p - 4. What is the greatest common factor of 18 and p?
9
Let o(q) be the third derivative of 0*q - 1/24*q**4 + 2*q**3 + 0 - 2*q**2. Let i be o(0)